 common factor of h and v?
13
Suppose -2 = -o - 12. Let f be (-176)/o + (-10)/(-25). Suppose k + 3 = -5*z - 0, -5*k - z + 9 = 0. What is the greatest common divisor of k and f?
2
Let z = -10 + 15. Calculate the highest common factor of 45 and z.
5
Let c be 72/(-21)*(1 + -8). Let v = 420 - 252. What is the highest common factor of v and c?
24
Suppose 8*r - 12*r = -308. Calculate the highest common divisor of r and 7.
7
Suppose 2*z - 2*u + 80 = 0, 4 + 2 = -3*u. Let d = z + 102. What is the highest common factor of d and 24?
12
Let v = -6 + -14. Let u = -8 - v. What is the greatest common divisor of 108 and u?
12
Let u be 160/6*(-24)/(-10). What is the greatest common divisor of 40 and u?
8
Let c = 2 - 8. Let p(m) = 3*m + 6 - 3*m + 0*m - m. Let w be p(c). What is the greatest common factor of 18 and w?
6
Suppose 5*y - 311 = 3*h, h = 2*y - 0*h - 125. What is the greatest common divisor of 32 and y?
32
Suppose -2*b = -4*g - 12, 5*b - 4*b + 2*g - 10 = 0. What is the greatest common divisor of b and 8?
8
Let d(v) = v**3 - 5*v**2 + 4*v - 2. Let j be d(4). Let m be j*1/((-6)/189). What is the greatest common divisor of m and 42?
21
Let j(y) = -2*y**3 - y**2 + 1. Let m be j(-1). Suppose -184*o + 182*o = -10. What is the greatest common factor of m and o?
1
Let a(y) = -47*y**3 - 2*y - 1. Let b be a(-1). Suppose 5*q = 3*q + b. What is the greatest common divisor of q and 36?
12
Suppose -m + 0 = -2. Suppose -4*b + 30 = -m*b. Suppose 15 = 3*k - 15. Calculate the greatest common factor of k and b.
5
Let s(h) = -h**3 - h + 16. Let p be s(0). Suppose 0 = -2*r + 4*r - p. Let f(g) = 3*g - 9. Let c be f(7). Calculate the highest common factor of c and r.
4
Let y(q) = -q. Let x be y(7). Let o = x + 13. What is the highest common divisor of o and 2?
2
Let o be (1 - -2) + 96/3. Calculate the greatest common divisor of 14 and o.
7
Suppose o - 80 = -4*b + 3*o, -20 = -b - 5*o. What is the greatest common factor of b and 60?
20
Let l = 323 - 211. Suppose 5*i + 0*z - 66 = -z, -4*i + 60 = -z. Calculate the highest common factor of l and i.
14
Let n = -9 + 4. Let f(s) = -s**3 - 3*s**2 + 7*s + 1. Let k be f(n). What is the highest common divisor of 80 and k?
16
Let j(q) = -90*q + 1. Let t be j(-1). What is the highest common divisor of 13 and t?
13
Suppose -22*p = -21*p - 20. Calculate the greatest common divisor of 90 and p.
10
Suppose r - 2*r - 69 = -5*h, -5*r + 75 = 5*h. What is the greatest common divisor of h and 98?
14
Let u(q) = 2*q**2 - 43*q + 31. Let t be u(22). Calculate the greatest common divisor of t and 265.
53
Suppose 5*i = 9*i + 128. Let x be ((-15)/(-10))/((-3)/i). Calculate the highest common factor of 64 and x.
16
Let r be 2 - 2*45/(-6). Calculate the greatest common divisor of r and 119.
17
Let d be 50/18 + 4/18. Let y = 4 - 2. Suppose -y*l = -7*l + 10. Calculate the greatest common factor of d and l.
1
Suppose -c + 3*c = 50. What is the highest common factor of 5 and c?
5
Let o(t) be the third derivative of t**5/30 + t**4/6 + t**3/2 + t**2. Let r be o(-2). Suppose -r*c = c - 180. What is the highest common factor of 15 and c?
15
Let y = 31 - 15. What is the greatest common divisor of 112 and y?
16
Suppose 0 = -3*u - x + 8, x = 2 - 3. Suppose -u*t - 53 = 2*p, -t - 2*t = 3*p + 51. Let n = 31 + t. Calculate the greatest common factor of n and 3.
3
Let a = 0 + -1. Let z be (a + (-2)/4)*-10. Suppose 0 = -5*j + 4*h + 284, 216 = 5*j + 3*h - 96. Calculate the highest common factor of j and z.
15
Suppose 0 = 4*s - 5*y + 7, 0 = -s - 4*y + 16 - 2. Suppose -s*u = -5*i + 20, -i = 5*u + 8 + 15. Let w = u + 7. Calculate the highest common divisor of w and 2.
2
Let o(v) = -v**2 + 7*v - 10. Let m be (-2)/10 + 84/20. Let s be o(m). What is the highest common factor of 5 and s?
1
Let g = -22 + 37. Suppose -v + g + 12 = 0. Calculate the highest common factor of 243 and v.
27
Let s = -30 - -48. Let i = 1050 - 564. Suppose -i = -2*t - t. Calculate the highest common factor of t and s.
18
Let o(s) = 5 + 6*s + s**2 - 5. Let a be o(-7). What is the highest common factor of a and 7?
7
Let o be ((-48)/(-28))/(1/7). Let d(f) = -f - 3. Let h be d(-6). Suppose -5*v + 320 = 5*z, h*v - 71 = 4*z + 93. What is the highest common divisor of v and o?
12
Suppose 2*a = 5*a - 18. Calculate the greatest common factor of 30 and a.
6
Let c(x) = 2*x - 2. Let b be c(2). Suppose 2*q - b*p - 25 = 45, p + 103 = 3*q. Calculate the greatest common divisor of q and 374.
34
Suppose -13*g = -14*g + 18. What is the highest common factor of g and 45?
9
Suppose -5*c - 34 = -5*b + 21, 67 = 5*b + c. Let l(w) = w**3 - 6*w**2 + 3*w + 8. Let t be l(6). Calculate the greatest common divisor of b and t.
13
Let a = -43 - -50. Calculate the highest common divisor of 28 and a.
7
Suppose 3*x - 25 = -4*k - 0*k, k = -4*x + 55. Suppose i - 25 = -4*i. What is the highest common factor of x and i?
5
Let f be -12*((-10)/(-4) + -3). Suppose f*i - 2*i = 36. Let c(p) = -2*p + 1. Let q be c(-4). What is the highest common factor of q and i?
9
Suppose 0*h - 17 = -h. Let y = -7 + h. Suppose 0*m - 3*m = -6. Calculate the greatest common divisor of y and m.
2
Suppose 4*s + 0*s = 800. Calculate the highest common divisor of s and 20.
20
Suppose 3*c + 3*w + 14 = 4*c, 3*c = 3*w + 18. Suppose c - 8 = -3*d. Let l be 2 + 72/30 + (-2)/5. What is the highest common divisor of d and l?
2
Suppose -m = 2*m - 90. Calculate the highest common factor of 6 and m.
6
Let w = 54 - 0. Suppose 4*y = 2*n - 22 + w, -5*n = -3*y + 10. What is the greatest common factor of y and 30?
10
Suppose 33 = p - 4*z - 23, 5*z + 20 = 0. Suppose 0*o - p = -2*o. What is the highest common factor of o and 5?
5
Let z be 101/11 + (-32)/176. Calculate the greatest common factor of 36 and z.
9
Let p be 3/(-12) - (-19)/(-4). Let d = p - -17. Calculate the greatest common factor of 3 and d.
3
Suppose -d + 4*h = -26, -2*h - 4 = -2*d + 24. Let w = -255 + 540. Let q be w/55 + (-2)/11. Calculate the highest common divisor of q and d.
5
Suppose -4*z = -4*a + 96, -7*z + 107 = 3*a - 3*z. What is the greatest common divisor of 232 and a?
29
Let m be 108*(-1)/(2*-1). Suppose 2*v + 12 = 2*c - 0*v, c + 2*v - 9 = 0. Let u = 13 - c. What is the highest common factor of u and m?
6
Let s = -119 + 133. Let h = -127 + 239. Calculate the greatest common factor of s and h.
14
Let m = 30 - 18. What is the highest common divisor of 4 and m?
4
Let u(w) = w**2 + w - 1. Let c be u(-3). Let f = -6 - -8. Calculate the greatest common divisor of f and c.
1
Let f be (-2 + -1)/(-3)*5. Suppose -5*u = 4*k - 3*k - 330, 330 = f*u + 5*k. Suppose -2*s + 4 = -8. What is the highest common factor of u and s?
6
Let p be ((-4)/(-1))/(5/220). What is the highest common divisor of p and 16?
16
Let j(n) = 2*n**2 + n - 1. Let d be j(1). Suppose 5*w + 3*q - 2*q = 408, d*q - 87 = -w. What is the highest common factor of w and 9?
9
Suppose 5*o + 12 = 87. What is the highest common factor of 120 and o?
15
Let c be (585/18)/((-1)/(-2)). Let a = c - -7. What is the greatest common factor of 48 and a?
24
Let l be (0 - 1) + 2*3. Suppose 3*c + 0 - 15 = -q, -l*q = -c - 11. Suppose -q*k + k = -22. Calculate the highest common factor of k and 22.
11
Suppose -117 + 42 = -3*m. Suppose 3*h - 9 = 0, 4*h + 5 + 5 = -2*a. Let d = -6 - a. Calculate the highest common divisor of d and m.
5
Let a = 57 + -9. Suppose -4*j - 4 + 28 = 0. Suppose -4*r = 0, -6 - j = -h + r. What is the greatest common divisor of a and h?
12
Let f(q) = q**2 - 2*q - 5. Let v be f(4). Suppose 0*g = g + 5*i - 55, 5*g = v*i + 135. Calculate the highest common divisor of g and 10.
10
Let t = -4 - 2. Let a(w) = -4*w - 6. Let c be a(t). What is the highest common divisor of c and 27?
9
Let d(o) = -o**3 - o**2 + 7*o + 1. Let l be d(-4). What is the greatest common divisor of l and 14?
7
Let a(r) = -r**3 - 9*r**2 - 11*r - 19. Let t be a(-8). Calculate the greatest common factor of 30 and t.
5
Suppose -85 = 3*a + 2*a. Let r = a + 29. Let v be (5/(-10))/((-2)/16). Calculate the highest common factor of v and r.
4
Let k(z) = z**2 - 7*z + 3. Let s be k(6). Let m be (s/(-2))/((-12)/(-160)). Let y be 2/6 + 58/6. What is the highest common divisor of y and m?
10
Let a be -5 - -8 - (-1 + 0). Suppose 12 = d - b, d = 2*d + a*b - 2. What is the highest common divisor of 2 and d